034?
False
Is 2 a factor of 26829373?
False
Is 150 a factor of 130796850?
True
Does 67 divide 2496650823?
False
Does 13 divide 37254292?
False
Is 12 a factor of 3131041452?
True
Does 13 divide 920073672?
False
Is 1180389336 a multiple of 21?
True
Is 669 a factor of 669361433?
False
Is 460 a factor of 11906575?
False
Is 71544467 a multiple of 943?
True
Does 561 divide 3538563?
False
Is 25 a factor of 2007507802?
False
Is 65 a factor of 146575?
True
Is 220559840 a multiple of 160?
True
Is 300 a factor of 167507938?
False
Is 92 a factor of 1085008076?
False
Is 5 a factor of 202219060?
True
Is 158 a factor of 237148362?
True
Does 1281 divide 10421575?
False
Is 3592358921 a multiple of 22?
False
Does 2917 divide 164107503?
True
Is 20 a factor of 11092800?
True
Is 232009632 a multiple of 12?
True
Is 14 a factor of 776250165?
False
Does 37 divide 2214857?
True
Does 50 divide 160882100?
True
Is 27807458 a multiple of 168?
False
Is 113 a factor of 94077388?
False
Is 49759216 a multiple of 16?
True
Is 1734 a factor of 1465256010?
True
Does 18 divide 4910610?
False
Is 101261125 a multiple of 125?
True
Is 1248 a factor of 471129860?
False
Is 13332 a factor of 649375056?
True
Does 4 divide 7724382?
False
Does 8 divide 5077988?
False
Is 808943928 a multiple of 111?
False
Is 1770539 a multiple of 65?
False
Does 1480 divide 44891360?
True
Does 9813 divide 1960017105?
False
Does 49 divide 794562097?
True
Is 476 a factor of 41699530?
False
Is 46411186 a multiple of 783?
False
Does 305 divide 27040385?
True
Is 10345013 a multiple of 7?
True
Does 4166 divide 19114367?
False
Does 33 divide 146424993?
True
Is 5 a factor of 2855855?
True
Is 2349 a factor of 44217576?
True
Is 19 a factor of 77053334?
False
Is 60963181 a multiple of 328?
False
Is 865032560 a multiple of 2540?
True
Is 1372 a factor of 311976336?
True
Is 5 a factor of 13760782?
False
Is 253 a factor of 10217218?
False
Is 597 a factor of 305664?
True
Is 48523986 a multiple of 126?
True
Is 352455799 a multiple of 67?
False
Does 729 divide 246925422?
True
Does 51 divide 10791945?
False
Is 7 a factor of 295418718?
True
Is 520 a factor of 82292618?
False
Does 1211 divide 28186025?
True
Is 363967621 a multiple of 438?
False
Does 2225 divide 60484181?
False
Does 12 divide 3082200?
True
Is 303586343 a multiple of 711?
False
Does 198 divide 162572001?
False
Is 28929767 a multiple of 976?
False
Is 36201372 a multiple of 981?
False
Does 1346 divide 600962590?
False
Does 328 divide 20853883?
False
Does 534 divide 1666192140?
True
Does 6 divide 5071873?
False
Does 226 divide 168710427?
False
Does 8 divide 113543816?
True
Does 1174 divide 1024030892?
True
Does 96 divide 360295392?
True
Is 336 a factor of 1250418624?
True
Does 36 divide 14281884?
True
Is 2265509509 a multiple of 23?
False
Does 73 divide 714847896?
False
Is 853605086 a multiple of 705?
False
Is 12 a factor of 1255152165?
False
Does 19 divide 901308432?
False
Is 356719052 a multiple of 4462?
True
Does 10 divide 9351373?
False
Does 54 divide 154126044?
True
Does 306 divide 34035462?
True
Does 19 divide 3759955258?
True
Is 275025667 a multiple of 2447?
False
Does 3343 divide 3939862438?
False
Is 47175536 a multiple of 9?
False
Is 57319263 a multiple of 1432?
False
Does 12 divide 64909152?
True
Is 34249959 a multiple of 31?
False
Is 504 a factor of 172185998?
False
Is 598782912 a multiple of 688?
True
Is 299687472 a multiple of 3024?
True
Does 2059 divide 29770614?
False
Does 1477 divide 696574597?
False
Does 6 divide 120662447?
False
Does 1884 divide 18835197?
False
Is 3049 a factor of 177890856?
True
Does 27 divide 814959555?
False
Is 95420303 a multiple of 11?
True
Is 941310888 a multiple of 28?
True
Is 7428 a factor of 1727700804?
True
Does 141 divide 1917649741?
False
Does 1751 divide 132181239?
True
Is 428608021 a multiple of 523?
False
Is 5619792 a multiple of 388?
True
Is 1635898230 a multiple of 4700?
False
Is 1955584120 a multiple of 2380?
True
Is 605 a factor of 832962185?
True
Is 1546999798 a multiple of 722?
True
Is 724 a factor of 21825704?
True
Does 63 divide 2727926779?
False
Is 13 a factor of 516753653?
True
Is 5 a factor of 51971240?
True
Is 5549730 a multiple of 174?
True
Is 19422663 a multiple of 87?
True
Is 107499684 a multiple of 53?
False
Does 610 divide 232151512?
False
Is 83689417 a multiple of 749?
False
Is 3845383470 a multiple of 522?
True
Does 349 divide 37016685?
True
Is 122 a factor of 7505806?
True
Is 129001032 a multiple of 1568?
False
Does 155 divide 14277980?
True
Is 30 a factor of 30324480?
True
Is 535899507 a multiple of 39?
True
Is 721 a factor of 22435204?
False
Does 737 divide 25115486?
True
Is 324205500 a multiple of 116?
True
Is 171194792 a multiple of 127?
False
Is 1859 a factor of 5642145?
False
Is 762359792 a multiple of 2768?
True
Is 122231897 a multiple of 28?
False
Does 61 divide 692738204?
True
Is 45102650 a multiple of 5?
True
Does 8 divide 12237480?
True
Does 884 divide 34935711?
False
Is 86013722 a multiple of 434?
False
Does 585 divide 38527515?
True
Is 74 a factor of 159746382?
False
Is 15 a factor of 114972720?
True
Is 222 a factor of 93651436?
False
Does 142 divide 1053547?
False
Does 1081 divide 642588559?
True
Is 19 a factor of 1484314143?
True
Is 145 a factor of 467846122?
False
Does 185 divide 3337887?
False
Does 1677 divide 60437403?
True
Does 7 divide 6546043?
True
Is 14152597 a multiple of 9?
False
Is 18865408 a multiple of 32?
True
Is 3037584 a multiple of 176?
True
Does 236 divide 1830416?
True
Does 209 divide 596734292?
True
Is 152 a factor of 33088879?
False
Is 38867748 a multiple of 12?
True
Does 333 divide 217949142?
False
Is 271759307 a multiple of 1820?
False
Is 93 a factor of 46402164?
True
Does 1942 divide 1548119292?
False
Does 1449 divide 26306975?
False
Is 189757719 a multiple of 37?
True
Is 6457 a factor of 6769161472?
False
Is 49916012 a multiple of 34?
True
Is 69 a factor of 190119940?
False
Does 49 divide 125477975?
True
Is 108130448 a multiple of 656?
True
Is 25 a factor of 8356327?
False
Is 165996364 a multiple of 68?
True
Is 41 a factor of 912854?
False
Is 1311593036 a multiple of 13?
True
Is 6387383 a multiple of 200?
False
Does 3233 divide 1798640754?
True
Does 4 divide 1940893?
False
Is 135 a factor of 97502130?
True
Is 85 a factor of 10823220?
True
Is 68185020 a multiple of 1101?
False
Does 7 divide 40356309?
True
Is 21652498 a multiple of 20?
False
Is 3242268 a multiple of 13?
False
Does 66 divide 1760165022?
True
Is 1127091253 a multiple of 256?
False
Does 742 divide 28219002?
True
Is 251 a factor of 114411606?
False
Does 187 divide 142345218?
False
Is 217174730 a multiple of 8?
False
Is 27673488 a multiple of 2608?
True
Is 25 a factor of 164283175?
True
Is 81 a factor of 814750?
False
Is 50 a factor of 111879207?
False
Is 442223540 a multiple of 31?
False
Does 185 divide 64561300?
True
Is 4775874621 a multiple of 49?
True
Does 1385 divide 53188155?
True
Does 133 divide 1392949497?
False
Does 1833 divide 530600343?
True
Is 209 a factor of 318972665?
True
Is 2295 a factor of 192024945?
True
Is 460035791 a multiple of 192?
False
Is 44496214 a multiple of 38?
True
Does 2832 divide 179033376?
True
Is 861816975 a multiple of 9127?
True
Does 17 divide 348112196?
True
Does 9 divide 153676953?
True
Is 7 a factor of 1150999486?
True
Is 666 a factor of 8556031?
False
Does 1577 divide 266829017?
False
Does 22 divide 2859522207?
False
Is 164 a factor of 128600600?
True
Does 9 divide 384990165?
True
Is 1363 a factor of 687041332?
False
Is 5 a factor of 217416960?
True
Is 67 a factor of 40231332?
False
Is 70434561 a multiple of 219?
True
Is 391 a factor of 353462?
False
Is 207049794 a multiple of 42?
True
Does 1111 divide 62311546?
True
Is 44 a factor of 297635760?
False
Does 60 divide 12997860?
True
Is 36825360 a multiple of 65?
True
Does 1223 divide 44838053?
False
Is 64344784 a multiple of 35?
False
Is 9 a factor of 2729556?
True
Does 43 divide 180379367?
True
Is 33586095 a multiple of 67?
True
Does 73 divide 77813474?
True
Is 22018402 a multiple of 785?
False
Does 71 divide 28861613?
False
Is 379 a factor of 725626957?
True
Is 205985773 a multiple of 911?
False
Is 48 a factor of 4349742154?
False
Is 636666413 a multiple of 10?
False
Does 16 divide 5225616?
True
Is 64234139 